70)). Let r(g) = -g + 5. What is r(z)?
11
Suppose 6*a = 2*a - 4*p + 56, 2*a - 4*p - 58 = 0. Suppose 4*q - 13 = a. Let o(r) = -5*r - q + 1 + 6 + r. Determine o(1).
-5
Let y be 10/15*(-6)/4. Let n(c) = -21*c**2 - 2*c + 3. Let f(r) = -r**2 + 2. Let z(v) = 2*f(v) - n(v). What is z(y)?
18
Let c(t) = -4*t + 22. Let j be c(4). Suppose -n - 9 = -m + 2*n, -2*m + 4*n = -12. Let d(a) = a + m*a + 3 - j - 3. Determine d(6).
0
Let v(p) = 3*p**2 + 12*p - 2. Let q(x) = -7*x**2 - 25*x + 1. Let u(g) = -2*q(g) - 5*v(g). Determine u(-10).
8
Let o(d) be the first derivative of d**3/3 - d**2 - 5*d - 140. What is o(-4)?
19
Suppose 4 = -0*x + 2*x. Let r be 6 + -3 - (x - 2). Suppose -2*d + 1 = -r*d. Let o(w) = 5*w**3 + 2*w + 1. Calculate o(d).
-6
Let y(o) = 4*o - 8. Let i be y(2). Let k(n) = -n**2 - n - 3. Calculate k(i).
-3
Let y(q) be the second derivative of 2*q**3/3 - 4*q**2 + q. Suppose 0 = 2*v + 100 - 108, 2*v = 2*r - 4. What is y(r)?
16
Let z = 10 - 8. Suppose z*j + j = 0. Let y(r) = r - r - 4*r**2 + j*r - 3*r + 5 + r**3. Give y(4).
-7
Let z(k) = -k**3 + 6*k**2. Let x(w) = w**2 - 4*w - 12. Let a be (-6)/(-51) - (-100)/17. Let o be x(a). Suppose -n - 3*n + 24 = o. Give z(n).
0
Let g = -80 - -81. Let w(h) = -2*h - 1. Let z(c) = c - 1. Let j(n) = g*z(n) + w(n). Calculate j(-4).
2
Let v = 65 + -65. Suppose v = 18*w - 2*w + 48. Let m(s) be the third derivative of s**5/60 + s**4/24 + s**2. What is m(w)?
6
Let x = 1212 + -1226. Let b(w) = w**3 + 14*w**2 + w + 17. Calculate b(x).
3
Let q = 7 + -11. Let f(h) = -3*h**2 + 2*h - 4. Let t(z) = -z**2. Let x(a) = -f(a) + 4*t(a). Calculate x(q).
-4
Let q(h) = -11*h + 4. Let s(y) = y + 1. Let d(r) = q(r) - 4*s(r). Let o(i) = i + 2. Let z be o(6). Suppose 5*l = -z + 3. Calculate d(l).
15
Let y = -140 + 141. Let w(c) = 5*c - 1. What is w(y)?
4
Let n(i) = -i**3 - 5*i**2 - 5*i - 28. Let z be n(-5). Let h(p) = -p**3 - 2*p**2 - 4*p - 4. What is h(z)?
17
Let b(g) = -g + 1. Suppose 0 = 5*f - 10, -5*u = -u + f + 30. Give b(u).
9
Suppose 5*g - 22 = -57. Let x(t) = t**2 + 9*t + 9. Determine x(g).
-5
Let i = -846 - -840. Let d(p) = -p - 7. Give d(i).
-1
Let r be (16 - 17)*(-1 + 2). Let d(g) = -7*g + 2. Let b(k) = -3*k + 1. Let w = -1 - -10. Let z(s) = w*b(s) - 4*d(s). Calculate z(r).
0
Suppose 3*t + 74 = -n, 2*t - 4*n + 79 = -t. Let s = -29 - t. Let a(u) = -u**2 + 2*u - 2. Calculate a(s).
-26
Let j(w) be the second derivative of -w**5/20 + w**4/2 + w**3/6 - 5*w**2/2 - w. Suppose 7*c + 2*c + 342 = 0. Let u = -32 - c. Give j(u).
1
Let d be (-35)/(-20) - (-2)/8. Let c(z) = -z**3 - 2*z**2 - 2*z**d + 2*z**3 - z + 3*z**2. Let j = -337 + 335. Calculate c(j).
-10
Suppose 81 = -346*a + 355*a. Let t(x) = -x**3 + 10*x**2 - 8*x - 4. What is t(a)?
5
Let w be 1512 + 8 + (-6)/(-2). Let v(q) = q**2 + 0*q**2 + 3 + 1531*q - w*q. Determine v(-7).
-4
Let h(q) = q + 2. Let i = 255 - 263. What is h(i)?
-6
Let f(u) be the first derivative of -u**5/60 + u**4/24 - u**3 - 15*u**2/2 - 10. Let k(r) be the second derivative of f(r). What is k(0)?
-6
Let v(j) = j**3 - 4*j**2 - 5*j - 2. Let i be (-11)/(-132)*66 + (-1)/2. Determine v(i).
-2
Suppose 4*j + 0*j = 284. Let k(v) = 61*v - 1 - 133*v + j*v. Give k(0).
-1
Let l(g) be the first derivative of g**4/2 + 10*g**3/3 - g**2/2 + g - 196. What is l(-5)?
6
Let l be 1 - 0/(-2*1). Let g(u) be the second derivative of -3*u**5/4 + u**4/12 + u**3/6 - u**2/2 - 872*u. Determine g(l).
-14
Let k(c) be the first derivative of -c**3/3 - 3*c**2/2 + 4*c + 1. Suppose 2*y = -6, -8*g + 3 = -4*g - 5*y. What is k(g)?
4
Suppose -4 + 1 = -p. Suppose p*h - 23 = -4*l, -4*h + 10*l + 10 = 5*l. Let y(g) = -1 - 6*g - 1 + 5*g. Calculate y(h).
-7
Let c(o) = -4*o**3 - 2*o**2 - o - 1. Let i be c(-1). Let j(v) = v**2 - 1. Let g(m) = -m**3 + 4*m**2 + 2*m - 2. Let b(x) = i*j(x) - g(x). Give b(3).
3
Let w(h) = h - 1. Let z = -14 - 8. Let r = z - -26. Determine w(r).
3
Suppose -53*m + 51*m + 12 = 0. Let j(o) = -o**3 + 7*o**2 - 3*o - 1. Determine j(m).
17
Suppose -3*w - 20 = -3*p + 19, 3*p + 15 = -3*w. Let k(i) = i**2 + 11*i + 1. What is k(w)?
-17
Suppose l = -3*l - 5*r + 8, -12 = -4*l - 4*r. Let t(i) = 3*i - 25. Suppose h - 2 = -4. Let j(p) = p - 8. Let b(q) = h*t(q) + l*j(q). What is b(-6)?
-12
Let d = -240 + 242. Let l(b) be the first derivative of -3*b**3 + 5 - 1/2*b**d + 0*b. Determine l(1).
-10
Let d(q) = -2*q - 4*q - q - 3 - 4. Let r(g) = -22*g - 22. Let v(w) = 16*d(w) - 5*r(w). Determine v(5).
-12
Let n = 4 - 2. Let x(t) = -4*t - 4 + 3*t - t**n - 2*t. Let a(l) = -2*l**3 - 19*l**2 + 10*l - 4. Let g be a(-10). Give x(g).
-8
Let l(v) = 1 + 247*v**2 + 240*v**2 + 244*v**2 - 6*v - 730*v**2. Determine l(6).
1
Let o(a) = 11*a + 19. Let c(s) = 7*s + 13. Let f(l) = -7*c(l) + 5*o(l). Let d(y) = -1. Suppose b = 4*b - 3. Let i(v) = b*d(v) + f(v). What is i(-2)?
-9
Let q(j) = j**3 + 6*j**2 - 7*j + 8. Suppose -4*x + 40 = -5*i + x, -5*i = 2*x + 33. Determine q(i).
8
Let n = 17 + -17. Suppose n*p = 2*p - 4. Let a(s) = -2*s - 2. Determine a(p).
-6
Let s(i) = -34*i**2 + 118*i**2 - 43*i**2 - 40*i**2 + 10*i + 9. Let c(d) = -d**3 + 3*d**2 - 2*d - 1. Let z be c(3). Determine s(z).
-12
Let t = -16 - -10. Let f = 13 + t. Let a = 10 - f. Let c(q) = q**2 - q - 3. Determine c(a).
3
Let o(n) = -5*n - 33. Let s(p) = -10*p - 70. Let j(b) = -5*o(b) + 2*s(b). Calculate j(-12).
-35
Let j = -255 + 265. Let l(c) = -2*c + 13. What is l(j)?
-7
Let p = 275 - 277. Let i(l) = 9*l - 1. What is i(p)?
-19
Let o(t) = t - 9. Let m be 1 + -4 + -26 + -2. Let b = m + 39. Calculate o(b).
-1
Let h(x) = -x + 13. Let w(n) = -2*n**3 - 28*n + 12*n**2 - 5*n**3 + 15*n**3 + 10 - 7*n**3. Let y be w(-14). Calculate h(y).
3
Let g(k) be the first derivative of k**5/20 - 5*k**4/12 - 2*k**3/3 + 5*k**2/2 - 17*k - 18. Let l(u) be the first derivative of g(u). What is l(5)?
-15
Let x(o) = 3*o**3 - 11*o**2 - o. Let y(a) = -8*a**3 + 29*a**2 + 3*a. Let f(p) = 11*x(p) + 4*y(p). Calculate f(2).
-10
Suppose 3*w = 4*k + 10, -4*k = -4*w - 0*k + 8. Let x be (-26)/(-39)*(-9)/w. Let f(i) = -i**3 + 4*i**2 - 5*i + 4. What is f(x)?
-2
Suppose 5*u - 33 = -4*g + 5, -5*g + 22 = 2*u. Let q(n) = -n**3 + 6*n**2 - 2*n - 7. Determine q(u).
-19
Let p = -3 + -2. Let d be (6/(-30))/1 - 6/p. Let f(w) = -2*w - 1. Determine f(d).
-3
Suppose g + 0 - 2 = 0. Let u(y) = -2 + g*y + 2. Suppose -4*h = -14*v + 13*v + 7, 0 = 3*v - 3*h + 6. What is u(v)?
-10
Let z(m) = -m**2 + 5*m - 12. Let s(a) = -a**2 + 3*a - 9. Let p(w) = 5*s(w) - 4*z(w). What is p(-6)?
-3
Let a(i) = i**3 - 7*i**2 + 7*i - 3. Let g be a(6). Let t = 119 - 117. Let n(s) = 4 - 71*s**2 + s + 72*s**t - 2*s. What is n(g)?
10
Suppose -4*t + 18*y - 14*y + 36 = 0, -21 = -3*t - 3*y. Let r(n) = -n**3 + 10*n**2 - 12*n + 1. Determine r(t).
33
Let f(q) = -1272 + 1272 - 7*q. Determine f(3).
-21
Let t be (6/(-1) - -5)*5. Let s(w) = -6*w - 23. What is s(t)?
7
Let y(x) be the first derivative of -2*x**2 - 8. Suppose 13*b - 20 = 9*b. What is y(b)?
-20
Let m(v) = v - 17. Suppose 0 = -15*c + 2*c + 169. Give m(c).
-4
Let a(x) = 2*x**3 + 15*x**2 + 7*x - 5. Let w be (510/12)/(-5) - 6/(-4). What is a(w)?
-5
Let x(h) = -h**3 + 45*h**2 - 7 + h - 39*h**2 + 3. Suppose -m + 30 = -0*m. Let o be (4/(-5))/((-4)/m). Give x(o).
2
Let m(l) = 5*l + 2. Let d(b) = 14*b + 6. Let y = 96 - 79. Let q(v) = y*m(v) - 6*d(v). What is q(-6)?
-8
Let t = -9 - -12. Suppose 27 = -t*u + 4*l, 0*u = 3*u - 3*l + 24. Let v(m) = m**2 + 3*m - 1. Determine v(u).
9
Let h(o) be the second derivative of 1/2*o**3 + 0 + 3/2*o**2 + 15*o. Determine h(-5).
-12
Let c(o) = -o**2 + 6. Let s(t) = -9*t + 6. Let z(x) = c(x) - s(x). Give z(9).
0
Let s = 40 + -38. Let q(x) = s*x + 7*x - 4*x - 4*x. Give q(2).
2
Let s(k) be the second derivative of k**4/12 - k**3/6 + k**2/2 + 38*k. Let u(a) = -3*a**2 + 4*a - 6. Let g(t) = 4*s(t) + u(t). Calculate g(2).
2
Let q(m) = -3*m + 1. Let g(b) = 4*b - 24. Let s be g(6). Let x be (-9)/(18/(-4)) - s. Determine q(x).
-5
Let m(b) = -4*b**2 - 5*b - 12. Let u(d) = 3*d**2 + 4*d + 12. Let r(s) = -5*m(s) - 6*u(s). Let o(x) be the first derivative of r(x). Give o(2).
9
Let s(z) be the first derivative of -z**3/3 - 5*z**2 - 5*z - 200. Determine s(-9).
4
Let i(z) = 10*z**3 - 1. Let b(h) = h**3 - 12*h**2 - 28*h - 1. Let m be b(14). Determine i(m).
-11
Let s = 20 + -30. Let o be (-16)/s - 3/(-30)*4. Let l(q) = -6*q + 1. What is l(